{"id":2869,"date":"2021-12-29T21:46:16","date_gmt":"2021-12-29T21:46:16","guid":{"rendered":"https:\/\/semearvalores.pt\/?page_id=2869"},"modified":"2022-11-08T11:03:43","modified_gmt":"2022-11-08T11:03:43","slug":"para-profissionais-de-educacao","status":"publish","type":"page","link":"https:\/\/semearvalores.pt\/index.php\/para-profissionais-de-educacao\/","title":{"rendered":"Profissionais de educa\u00e7\u00e3o"},"content":{"rendered":"\t\t<div data-elementor-type=\"wp-page\" data-elementor-id=\"2869\" class=\"elementor elementor-2869\" data-elementor-post-type=\"page\">\n\t\t\t\t\t\t<section class=\"elementor-section elementor-top-section elementor-element elementor-element-d2242bc elementor-section-boxed elementor-section-height-default elementor-section-height-default\" data-id=\"d2242bc\" data-element_type=\"section\">\n\t\t\t\t\t\t<div class=\"elementor-container elementor-column-gap-default\">\n\t\t\t\t\t<div class=\"elementor-column elementor-col-100 elementor-top-column elementor-element elementor-element-f884161\" data-id=\"f884161\" data-element_type=\"column\">\n\t\t\t<div class=\"elementor-widget-wrap elementor-element-populated\">\n\t\t\t\t\t\t<div class=\"elementor-element elementor-element-8b3e23b elementor-widget elementor-widget-heading\" data-id=\"8b3e23b\" data-element_type=\"widget\" data-widget_type=\"heading.default\">\n\t\t\t\t<div class=\"elementor-widget-container\">\n\t\t\t\t\t<h2 class=\"elementor-heading-title elementor-size-default\">Profissionais de Educa\u00e7\u00e3o<\/h2>\t\t\t\t<\/div>\n\t\t\t\t<\/div>\n\t\t\t\t\t<\/div>\n\t\t<\/div>\n\t\t\t\t\t<\/div>\n\t\t<\/section>\n\t\t\t\t<section class=\"elementor-section elementor-top-section elementor-element elementor-element-b7dab44 elementor-section-boxed elementor-section-height-default elementor-section-height-default\" data-id=\"b7dab44\" data-element_type=\"section\">\n\t\t\t\t\t\t<div class=\"elementor-container elementor-column-gap-default\">\n\t\t\t\t\t<div class=\"elementor-column elementor-col-50 elementor-top-column elementor-element elementor-element-75a0686\" data-id=\"75a0686\" data-element_type=\"column\">\n\t\t\t<div class=\"elementor-widget-wrap elementor-element-populated\">\n\t\t\t\t\t\t<div class=\"elementor-element elementor-element-3ba718a elementor-widget elementor-widget-image\" data-id=\"3ba718a\" data-element_type=\"widget\" data-widget_type=\"image.default\">\n\t\t\t\t<div class=\"elementor-widget-container\">\n\t\t\t\t\t\t\t\t\t\t\t\t\t\t\t<img fetchpriority=\"high\" decoding=\"async\" width=\"800\" height=\"450\" src=\"https:\/\/semearvalores.pt\/wp-content\/uploads\/2021\/12\/Para-profissionais-educacao.png\" class=\"attachment-large size-large wp-image-2871\" alt=\"\" \/>\t\t\t\t\t\t\t\t\t\t\t\t\t\t\t<\/div>\n\t\t\t\t<\/div>\n\t\t\t\t\t<\/div>\n\t\t<\/div>\n\t\t\t\t<div class=\"elementor-column elementor-col-50 elementor-top-column elementor-element elementor-element-e69cf24\" data-id=\"e69cf24\" data-element_type=\"column\">\n\t\t\t<div class=\"elementor-widget-wrap elementor-element-populated\">\n\t\t\t\t\t\t<div class=\"elementor-element elementor-element-186f034 elementor-widget elementor-widget-text-editor\" data-id=\"186f034\" data-element_type=\"widget\" data-widget_type=\"text-editor.default\">\n\t\t\t\t<div class=\"elementor-widget-container\">\n\t\t\t\t\t\t\t\t\t<p>A pensar nos profissionais que trabalham com crian\u00e7as e jovens, cri\u00e1mos cinco respostas diferenciadas:<\/p><ul><li><a href=\"https:\/\/semearvalores.pt\/index.php\/yuki-na-caravana\/\">Encontros de Leitura no 1\u00ba ciclo<\/a><\/li><li><a href=\"https:\/\/semearvalores.pt\/index.php\/formacao-profissionais\/\">Forma\u00e7\u00e3o<\/a><\/li><li><a href=\"https:\/\/semearvalores.pt\/index.php\/projetos-em-escolas\/\" target=\"_blank\" rel=\"noopener\">Projetos em escolas<\/a><\/li><\/ul><p>Na nossa <a href=\"https:\/\/semearvalores.pt\/index.php\/loja\/\" target=\"_blank\" rel=\"noopener\">loja<\/a> pode encontrar os diversos recursos que cri\u00e1mos com vista ao desenvolvimento integral de crian\u00e7as e jovens!\u00a0<\/p><p>Por fim, a pensar no seu bem-estar, partilhamos alguns <a href=\"https:\/\/semearvalores.pt\/index.php\/exercicios-de-bem-estar\/\" target=\"_blank\" rel=\"noopener\">exerc\u00edcios<\/a> para aumentar o seu autoconhecimento e elevar a sua moral!<\/p>\t\t\t\t\t\t\t\t<\/div>\n\t\t\t\t<\/div>\n\t\t\t\t\t<\/div>\n\t\t<\/div>\n\t\t\t\t\t<\/div>\n\t\t<\/section>\n\t\t\t\t<\/div>\n\t\t","protected":false},"excerpt":{"rendered":"<p>Profissionais de Educa\u00e7\u00e3o A pensar nos profissionais que trabalham com crian\u00e7as e jovens, cri\u00e1mos cinco respostas diferenciadas: Encontros de Leitura no 1\u00ba ciclo Forma\u00e7\u00e3o Projetos em escolas Na nossa loja pode encontrar os diversos recursos que cri\u00e1mos com vista ao desenvolvimento integral de crian\u00e7as e jovens!\u00a0 Por fim, a pensar no seu bem-estar, partilhamos alguns [&hellip;]<\/p>\n","protected":false},"author":1,"featured_media":0,"parent":0,"menu_order":0,"comment_status":"closed","ping_status":"closed","template":"","meta":{"footnotes":""},"class_list":["post-2869","page","type-page","status-publish","hentry"],"jetpack_sharing_enabled":true,"_links":{"self":[{"href":"https:\/\/semearvalores.pt\/index.php\/wp-json\/wp\/v2\/pages\/2869"}],"collection":[{"href":"https:\/\/semearvalores.pt\/index.php\/wp-json\/wp\/v2\/pages"}],"about":[{"href":"https:\/\/semearvalores.pt\/index.php\/wp-json\/wp\/v2\/types\/page"}],"author":[{"embeddable":true,"href":"https:\/\/semearvalores.pt\/index.php\/wp-json\/wp\/v2\/users\/1"}],"replies":[{"embeddable":true,"href":"https:\/\/semearvalores.pt\/index.php\/wp-json\/wp\/v2\/comments?post=2869"}],"version-history":[{"count":34,"href":"https:\/\/semearvalores.pt\/index.php\/wp-json\/wp\/v2\/pages\/2869\/revisions"}],"predecessor-version":[{"id":5488,"href":"https:\/\/semearvalores.pt\/index.php\/wp-json\/wp\/v2\/pages\/2869\/revisions\/5488"}],"wp:attachment":[{"href":"https:\/\/semearvalores.pt\/index.php\/wp-json\/wp\/v2\/media?parent=2869"}],"curies":[{"name":"wp","href":"https:\/\/api.w.org\/{rel}","templated":true}]}}