{"id":1475,"date":"2021-04-18T19:53:42","date_gmt":"2021-04-18T19:53:42","guid":{"rendered":"https:\/\/semearvalores.k2ponto.com.br\/?post_type=product&#038;p=1475"},"modified":"2023-07-10T14:52:55","modified_gmt":"2023-07-10T14:52:55","slug":"forcas-de-carater-ao-servico-de-criancas-com-dislexia-webinar","status":"publish","type":"product","link":"https:\/\/semearvalores.pt\/index.php\/product\/forcas-de-carater-ao-servico-de-criancas-com-dislexia-webinar\/","title":{"rendered":"Workshop Ass\u00edncrono: &#8220;For\u00e7as de Car\u00e1ter ao Servi\u00e7o de Crian\u00e7as com Dislexia&#8221;"},"content":{"rendered":"<p><strong>Como surge este produto?<\/strong><\/p>\n<p>Patr\u00edcia Abreu foi apanhada de surpresa pela dislexia da sua filha mais nova. Ent\u00e3o, arrega\u00e7ou as mangas e criou o\u00a0<a href=\"https:\/\/dislexiadaybyday.com\/day-by-day\/projecto-escolas-a-dislexia-em-banda-desenhada-para-criancas\/\" target=\"_blank\" rel=\"noopener\">blog Dislexia Day by Day<\/a>, que tem como objetivo ajudar os Pais que, como ela, se confrontam com a dislexia. Vale a pena espreitar!<\/p>\n<p>A Patr\u00edcia desafiou-nos a criar um workshop online sobre o tema e, como n\u00e3o dizemos dizer &#8220;n\u00e3o&#8221; a um bom desafio, aceit\u00e1mos!<\/p>\n<p><strong>O que pode esperar?<\/strong><\/p>\n<p>A Semear Valores convidou, por sua vez, Filipe Fernandes, neuropsic\u00f3logo, para partilhar \u00e0 luz do conhecimento atual e numa linguagem clara, o que \u00e9 a dislexia, a que sinais devemos estar atentos, o que a torna especial, qual o papel dos pais, etc.<\/p>\n<p>Num segundo momento, iremos abordar como o modelo das virtudes e for\u00e7as de car\u00e1ter, desenvolvido por Peterson e Seligman (2004), pode potenciar o desenvolvimento positivo e integral das crian\u00e7as com dislexia.<\/p>\n<p>Ap\u00f3s a 2\u00aa edi\u00e7\u00e3o, transform\u00e1mos este workshop num produto digital. Assim, o que vai assistir \u00e9 \u00e0 grava\u00e7\u00e3o do mesmo, onde participaram muitas fam\u00edlias.<\/p>\n<p><strong>A quem se destina?\u00a0<\/strong><\/p>\n<p>Este curso foi pensado para pais e educadores que queiram estar atualizados sobre o tema da dislexia e ajudar os filhos a ganhar um maior autoconhecimento e uma imagem mais positiva de si mesmos, atrav\u00e9s do reconhecimento das suas for\u00e7as e a us\u00e1-las no dia-a-dia. Tamb\u00e9m pode ser \u00fatil para professores e psic\u00f3logos.<\/p>\n<p>&nbsp;<\/p>\n<div style=\"width: 800px;\" class=\"wp-video\"><!--[if lt IE 9]><script>document.createElement('video');<\/script><![endif]-->\n<video class=\"wp-video-shortcode\" id=\"video-1475-1\" width=\"800\" height=\"450\" preload=\"metadata\" controls=\"controls\"><source type=\"video\/mp4\" src=\"https:\/\/semearvalores.pt\/wp-content\/uploads\/2021\/04\/Video-Web-Dislexia.mp4?_=1\" \/><a href=\"https:\/\/semearvalores.pt\/wp-content\/uploads\/2021\/04\/Video-Web-Dislexia.mp4\">https:\/\/semearvalores.pt\/wp-content\/uploads\/2021\/04\/Video-Web-Dislexia.mp4<\/a><\/video><\/div>\n<p>&nbsp;<\/p>\n<p><strong>Formadores:<\/strong> Filipe Fernandes e Patr\u00edcia Sarmento.<\/p>\n<p><strong>Dura\u00e7\u00e3o:<\/strong> 1 hora<\/p>\n<p><strong>Para aceder ao curso:<\/strong> clique, em cima, no bot\u00e3o laranja e siga os passos da loja online.<\/p>\n","protected":false},"excerpt":{"rendered":"<div>\n<div class=\"flex-shrink-0 flex flex-col relative items-end\">\n<div class=\"text-xs flex items-center justify-center gap-1 absolute left-0 top-2 -ml-4 -translate-x-full group-hover:visible visible\">Se \u00e9 Pai ou M\u00e3e de uma crian\u00e7a com dislexia saiba que pode capacit\u00e1-la atrav\u00e9s do conhecimento das suas for\u00e7as!<\/div>\n<div><\/div>\n<\/div>\n<div class=\"relative flex w-[calc(100%-50px)] flex-col gap-1 md:gap-3 lg:w-[calc(100%-115px)]\">\n<div class=\"flex flex-grow flex-col gap-3\">\n<div class=\"min-h-[20px] flex items-start overflow-x-auto whitespace-pre-wrap break-words flex-col gap-4\">\n<div class=\"markdown prose w-full break-words dark:prose-invert light\">\n<p>Estar atualizado(a) sobre o tema da dislexia e ajudar o seu filho, ou filha, a desenvolver uma imagem mais positiva de si mesmo(a) foram as grandes raz\u00f5es que motivaram este workshop.<\/p>\n<p>Nele, Filipe Fernandes, renomado neuropsic\u00f3logo, ir\u00e1 gui\u00e1-lo(a) de forma clara e envolvente, revelando o que \u00e9 a dislexia, quais os sinais que deve observar e o que torna o seu filho t\u00e3o especial.<\/p>\n<p>Mas, n\u00e3o \u00e9 tudo! Este workshop aborda tamb\u00e9m um segundo momento transformador: explorar o incr\u00edvel poder das virtudes e for\u00e7as de car\u00e1ter, que podem impulsionar o crescimento positivo e integral de crian\u00e7as com dislexia.<\/p>\n<p>Ao assistir a este workshop, vai adquirir ferramentas pr\u00e1ticas e estrat\u00e9gias eficazes para ajudar o seu filho a ganhar autoconhecimento, confian\u00e7a e uma perspectiva positiva de si mesmo. Com o reconhecimento e a utiliza\u00e7\u00e3o das for\u00e7as do seu filho no dia-a-dia, estar\u00e1 a promover ainda uma transforma\u00e7\u00e3o poderosa na sua vida.<\/p>\n<p>Ap\u00f3s a compra, poder\u00e1 descarregar o workshop e ter acesso vital\u00edcio.<\/p>\n<p>Compre agora, clicando no bot\u00e3o laranja, e ajude o seu filho a construir uma imagem mais positiva de si mesmo!<\/p>\n<\/div>\n<p>Saiba mais, em baixo.<\/p>\n<\/div>\n<\/div>\n<\/div>\n<\/div>\n<div><\/div>\n","protected":false},"featured_media":6129,"comment_status":"open","ping_status":"closed","template":"","meta":[],"product_brand":[],"product_cat":[21,63,193,235,191,39,37],"product_tag":[49,47,48,52,53,54,50,51],"class_list":{"0":"post-1475","1":"product","2":"type-product","3":"status-publish","4":"has-post-thumbnail","6":"product_cat-recursos-pedagogicos","7":"product_cat-cursos-online","8":"product_cat-dislexia","9":"product_cat-formacao-loja","10":"product_cat-formacao-para-escolas","11":"product_cat-para-pais","12":"product_cat-servicos","13":"product_tag-criancas","14":"product_tag-curso-digital","15":"product_tag-dislexia","16":"product_tag-educadores","17":"product_tag-forcas-de-carater","18":"product_tag-formacao","19":"product_tag-jovens","20":"product_tag-pais","22":"first","23":"instock","24":"downloadable","25":"virtual","26":"purchasable","27":"product-type-simple"},"jetpack_sharing_enabled":true,"_links":{"self":[{"href":"https:\/\/semearvalores.pt\/index.php\/wp-json\/wp\/v2\/product\/1475"}],"collection":[{"href":"https:\/\/semearvalores.pt\/index.php\/wp-json\/wp\/v2\/product"}],"about":[{"href":"https:\/\/semearvalores.pt\/index.php\/wp-json\/wp\/v2\/types\/product"}],"replies":[{"embeddable":true,"href":"https:\/\/semearvalores.pt\/index.php\/wp-json\/wp\/v2\/comments?post=1475"}],"wp:featuredmedia":[{"embeddable":true,"href":"https:\/\/semearvalores.pt\/index.php\/wp-json\/wp\/v2\/media\/6129"}],"wp:attachment":[{"href":"https:\/\/semearvalores.pt\/index.php\/wp-json\/wp\/v2\/media?parent=1475"}],"wp:term":[{"taxonomy":"product_brand","embeddable":true,"href":"https:\/\/semearvalores.pt\/index.php\/wp-json\/wp\/v2\/product_brand?post=1475"},{"taxonomy":"product_cat","embeddable":true,"href":"https:\/\/semearvalores.pt\/index.php\/wp-json\/wp\/v2\/product_cat?post=1475"},{"taxonomy":"product_tag","embeddable":true,"href":"https:\/\/semearvalores.pt\/index.php\/wp-json\/wp\/v2\/product_tag?post=1475"}],"curies":[{"name":"wp","href":"https:\/\/api.w.org\/{rel}","templated":true}]}}