{"id":1832,"date":"2021-04-26T12:40:03","date_gmt":"2021-04-26T12:40:03","guid":{"rendered":"https:\/\/semearvalores.k2ponto.com.br\/?post_type=product&#038;p=1832"},"modified":"2024-01-08T16:22:08","modified_gmt":"2024-01-08T16:22:08","slug":"livro-infantil-yuki-o-robo-com-coracao-os-superpoderes-da-amizade","status":"publish","type":"product","link":"https:\/\/semearvalores.pt\/index.php\/product\/livro-infantil-yuki-o-robo-com-coracao-os-superpoderes-da-amizade\/","title":{"rendered":"Livro infantil &#8220;YUKI, o rob\u00f4 com cora\u00e7\u00e3o. Os superpoderes da Amizade&#8221;."},"content":{"rendered":"<p><span style=\"font-weight: 400;\">Esta \u00e9 uma hist\u00f3ria inspirada num dos mais bonitos temas do florescimento humano &#8211; as Virtudes e For\u00e7as de Car\u00e1ter (Peterson e Seligman, 2004)!<\/span><\/p>\n<p>Acompanhe Yuki na sua jornada \u00fanica, onde ir\u00e1 explorar os incr\u00edveis superpoderes da bondade, criatividade, humor, perd\u00e3o, honestidade, empatia e entusiasmo. Esses superpoderes n\u00e3o s\u00f3 ajudar\u00e3o as crian\u00e7as a descobrir as suas pr\u00f3prias for\u00e7as, mas tamb\u00e9m a apreciar e valorizar os outros ao seu redor.<\/p>\n<div class=\"flex-1 overflow-hidden\">\n<div class=\"react-scroll-to-bottom--css-hagwv-79elbk h-full dark:bg-gray-800\">\n<div class=\"react-scroll-to-bottom--css-hagwv-1n7m0yu\">\n<div class=\"flex flex-col text-sm dark:bg-gray-800\">\n<div class=\"group w-full text-gray-800 dark:text-gray-100 border-b border-black\/10 dark:border-gray-900\/50 bg-gray-50 dark:bg-[#444654]\">\n<div class=\"flex p-4 gap-4 text-base md:gap-6 md:max-w-2xl lg:max-w-[38rem] xl:max-w-3xl md:py-6 lg:px-0 m-auto\">\n<div class=\"relative flex w-[calc(100%-50px)] flex-col gap-1 md:gap-3 lg:w-[calc(100%-115px)]\">\n<div class=\"flex flex-grow flex-col gap-3\">\n<div class=\"min-h-[20px] flex items-start overflow-x-auto whitespace-pre-wrap break-words flex-col gap-4\">\n<div class=\"markdown prose w-full break-words dark:prose-invert light\">\n<p>Este livro oferece uma s\u00e9rie de benef\u00edcios para as crian\u00e7as, pais e profissionais de educa\u00e7\u00e3o:<\/p>\n<ol>\n<li><strong>Promo\u00e7\u00e3o de valores humanos<\/strong>: uma hist\u00f3ria envolvente que combina o tema atual e pertinente da tecnologia com valores essenciais, como bondade, criatividade, humor e perd\u00e3o, entre outros. Ele inspira as crian\u00e7as a refletirem sobre esses valores e a aplic\u00e1-los nas suas pr\u00f3prias vidas, motivadas pelos desafios propostos pelo Yuki.<\/li>\n<li><strong>Est\u00edmulo \u00e0 imagina\u00e7\u00e3o<\/strong>: a narrativa transporta as crian\u00e7as para um mundo encantador, cheio de emo\u00e7\u00f5es e surpresas no enredo. \u00c9 um livro que estimula a imagina\u00e7\u00e3o e o gosto pela leitura e pelas rimas.<\/li>\n<li><strong>Desenvolvimento do autoconhecimento<\/strong>: o livro ajuda as crian\u00e7as a explorarem as suas pr\u00f3prias for\u00e7as e virtudes, permitindo que se conhe\u00e7am melhor e desenvolvam uma maior consci\u00eancia de si mesmas.<\/li>\n<li><strong>Fomento da valoriza\u00e7\u00e3o dos outros<\/strong>: atrav\u00e9s dos desafios propostos pelo Yuki, as crian\u00e7as aprendem a identificar e a apreciar as qualidades dos amigos, o que ajuda a promover a empatia, o respeito e a constru\u00e7\u00e3o de relacionamentos saud\u00e1veis.<\/li>\n<li><strong>Ferramenta educativa divertida<\/strong>: o livro n\u00e3o \u00e9 apenas uma hist\u00f3ria, mas tamb\u00e9m uma ferramenta educativa que combina valores essenciais com a magia da tecnologia. Pais e profissionais de educa\u00e7\u00e3o encontrar\u00e3o nele uma maneira divertida e eficaz de transmitir importantes ensinamentos sobre amizade e outros valores humanos.<\/li>\n<li><strong>Contribui\u00e7\u00e3o para o desenvolvimento integral<\/strong>: ao abordar de forma l\u00fadica as virtudes e for\u00e7as de car\u00e1ter, o livro contribui para o desenvolvimento integral das crian\u00e7as, fortalecendo aspectos emocionais, sociais e cognitivos.<\/li>\n<\/ol>\n<\/div>\n<\/div>\n<\/div>\n<\/div>\n<\/div>\n<\/div>\n<\/div>\n<\/div>\n<\/div>\n<\/div>\n<p>&nbsp;<\/p>\n<p><span style=\"font-weight: 400;\">Este livro foi lan\u00e7ado gra\u00e7as a uma campanha de <em>crowdfunding<\/em> decorrida em 2021. A todos os apoiantes, a nossa gratid\u00e3o!<\/span><\/p>\n<p>&nbsp;<\/p>\n<p><strong>Medita\u00e7\u00f5es guiadas do Yuki<\/strong><\/p>\n<p>Este rob\u00f4 com cora\u00e7\u00e3o criou ainda bonitas medita\u00e7\u00f5es para crian\u00e7as:<\/p>\n<p><a href=\"https:\/\/www.youtube.com\/watch?list=PLvKX4xPMRy2De7wcmtyb2cdtho6Iy-mKw&amp;v=zWAs6PA68kI&amp;embeds_euri=https%3A%2F%2Fsemearvalores.pt%2Findex.php%2Fproduct%2Fmeditacoes-guiadas-para-criancas-gratuitas%2F&amp;feature=emb_logo\">\u201cMeditar pela manh\u00e3, torna a vida mais s\u00e3!\u201d<\/a>: o Yuki convida todas as crian\u00e7as a fazerem uma viagem matinal, na qual\u00a0 recorda importantes valores a por em pr\u00e1tica durante o dia!<\/p>\n<p><a href=\"https:\/\/www.youtube.com\/watch?time_continue=1&amp;v=4SZR3oBayIo&amp;embeds_euri=https%3A%2F%2Fsemearvalores.pt%2Findex.php%2Fproduct%2Fmeditacoes-guiadas-para-criancas-gratuitas%2F&amp;feature=emb_logo\">\u201cYuki \u2013 A Medita\u00e7\u00e3o da Paz\u201d<\/a> : esta medita\u00e7\u00e3o foi motivada pelo surgimento no conflito na Ucr\u00e2nia. Desta vez, o Yuki convida as crian\u00e7as a pedir pela Paz e a pratic\u00e1-la nas pequenas a\u00e7\u00f5es do dia!<\/p>\n<p><a href=\"https:\/\/www.youtube.com\/watch?v=f1C5zMHKuqY&amp;embeds_euri=https%3A%2F%2Fsemearvalores.pt%2Findex.php%2Fproduct%2Fmeditacoes-guiadas-para-criancas-gratuitas%2F&amp;feature=emb_logo\">\u201cYuki \u2013 Meditac\u0327\u00e3o dos Guardi\u00f5es\u201d<\/a>: nesta medita\u00e7\u00e3o as crian\u00e7as v\u00e3o viajar para conhecer o seu Guardi\u00e3o, um ser amigo que as conforta na tristeza, as escuta sem pressas e lhes d\u00e1 clareza!<\/p>\n<p>Para desfrutar das mesmas, basta clicar nos links e ouvir!<\/p>\n<p>&nbsp;<\/p>\n<p><strong>Quer explorar um pouco mais?<\/strong><\/p>\n<p>Ap\u00f3s a leitura do livro infantil, o Yuki prop\u00f5e aos seus leitores algumas atividades para explorar e refletir sobre a sua hist\u00f3ria. As propostas foram pensadas em torno das personagens e dos 7 superpoderes de Amizade.<\/p>\n<p>Este <a href=\"https:\/\/semearvalores.pt\/wp-content\/uploads\/2023\/09\/Caderno_atividades-Explora_com_o_Yuki.pdf\" target=\"_blank\" rel=\"noopener\"><strong>caderno de atividades<\/strong><\/a> ajuda pais e profissionais de educa\u00e7\u00e3o a tirarem ainda mais partido da hist\u00f3ria, para al\u00e9m das propostas que fazem parte das \u00faltimas p\u00e1ginas do livro.<\/p>\n<p>As atividades foram criadas por Samanta Moura, professora de 1\u00ba ciclo, que deu a conhecer esta hist\u00f3ria aos seus alunos, e gentilmente as partilhou connosco.<\/p>\n<p>Pode descarreg\u00e1-lo <a href=\"https:\/\/semearvalores.pt\/wp-content\/uploads\/2023\/09\/Caderno_atividades-Explora_com_o_Yuki.pdf\" target=\"_blank\" rel=\"noopener\">aqui<\/a>!<\/p>\n<p>&nbsp;<\/p>\n<p><strong>Gostava que o Yuki fosse ao encontro das crian\u00e7as?<\/strong><\/p>\n<p><span style=\"font-weight: 400;\">O Yuki gosta de sair \u00e0 rua para fazer novos amigos e, para tal, viaja numa caravana! <\/span><\/p>\n<p><b>#YukiNaCaravana<\/b><span style=\"font-weight: 400;\"> \u00e9 o nome dos <\/span><b>\u201cEncontros de Leitura e Valores \u00e0 Mistura\u201d<\/b><span style=\"font-weight: 400;\"> que disponibilizamos para dar a conhecer a hist\u00f3ria, enquanto semeamos valores e descobrimos superpoderes em n\u00f3s e nos outros! Vamos a escolas, bibliotecas, ATL\u2019s, eventos para crian\u00e7as e outros espa\u00e7os onde os mais pequenos sejam bem-vindos. <\/span><\/p>\n<p><span style=\"font-weight: 400;\">Se tiver interesse, envie-nos um email para acertarmos tudo.<\/span><\/p>\n<p><img fetchpriority=\"high\" decoding=\"async\" class=\"wp-image-2139 aligncenter\" src=\"https:\/\/semearvalores.pt\/wp-content\/uploads\/2021\/04\/WhatsApp-Image-2021-06-21-at-15.54.24.jpeg\" alt=\"\" width=\"809\" height=\"572\" \/><\/p>\n","protected":false},"excerpt":{"rendered":"<p>Descubra um mundo encantador onde os valores humanos e a imagina\u00e7\u00e3o se encontram com a tecnologia!<\/p>\n<p>Nesta emocionante hist\u00f3ria, Yuki, o rob\u00f4 com cora\u00e7\u00e3o, tem uma miss\u00e3o especial: despertar nas crian\u00e7as os 7 superpoderes da Amizade &#8211; bondade, criatividade, humor, perd\u00e3o, honestidade, empatia e entusiasmo.<\/p>\n<p>Com uma mistura envolvente de valores humanos, a\u00e7\u00e3o e aventura, este livro \u00e9 perfeito para crian\u00e7as entre os 6 e os 10 anos.<\/p>\n<p>Na verdade, ele \u00e9 mais do que apenas uma hist\u00f3ria: \u00e9 uma ferramenta educativa, que combina o fasc\u00ednio pela tecnologia com valores essenciais, e atrav\u00e9s da qual pais e profissionais de educa\u00e7\u00e3o encontram uma maneira divertida e eficaz de transmitir importantes ensinamentos e fomentar o autoconhecimento.<\/p>\n<p>Descubra, em baixo, os benef\u00edcios desta hist\u00f3ria, bem como as atividades e medita\u00e7\u00f5es guiadas deste rob\u00f4 t\u00e3o criativo e amigo das crian\u00e7as!<\/p>\n<p>Carregue agora no bot\u00e3o laranja e encomende este livro essencial na inf\u00e2ncia dos seus filhos ou alunos!<\/p>\n","protected":false},"featured_media":2573,"comment_status":"open","ping_status":"closed","template":"","meta":[],"product_brand":[],"product_cat":[21,190,214],"product_tag":[83,49,86,73,316,323,84,85,53,82,51,324,325,60,70,74,68],"class_list":{"0":"post-1832","1":"product","2":"type-product","3":"status-publish","4":"has-post-thumbnail","6":"product_cat-recursos-pedagogicos","7":"product_cat-recursos-familias","8":"product_cat-recursos-ludico-pedagogicos","9":"product_tag-amizade","10":"product_tag-criancas","11":"product_tag-desenvolvimento-do-carater","12":"product_tag-desenvolvimento-infantil","13":"product_tag-desenvolvimento-socio-emocional","14":"product_tag-educacao-positiva","15":"product_tag-escola","16":"product_tag-familias","17":"product_tag-forcas-de-carater","18":"product_tag-livro-infantil","19":"product_tag-pais","20":"product_tag-parentalidade-consciente","21":"product_tag-parentalidade-positiva","22":"product_tag-professores","23":"product_tag-superpoderes","24":"product_tag-valores","25":"product_tag-yuki","26":"product_shipping_class-livro","28":"first","29":"instock","30":"shipping-taxable","31":"purchasable","32":"product-type-simple"},"jetpack_sharing_enabled":true,"_links":{"self":[{"href":"https:\/\/semearvalores.pt\/index.php\/wp-json\/wp\/v2\/product\/1832"}],"collection":[{"href":"https:\/\/semearvalores.pt\/index.php\/wp-json\/wp\/v2\/product"}],"about":[{"href":"https:\/\/semearvalores.pt\/index.php\/wp-json\/wp\/v2\/types\/product"}],"replies":[{"embeddable":true,"href":"https:\/\/semearvalores.pt\/index.php\/wp-json\/wp\/v2\/comments?post=1832"}],"wp:featuredmedia":[{"embeddable":true,"href":"https:\/\/semearvalores.pt\/index.php\/wp-json\/wp\/v2\/media\/2573"}],"wp:attachment":[{"href":"https:\/\/semearvalores.pt\/index.php\/wp-json\/wp\/v2\/media?parent=1832"}],"wp:term":[{"taxonomy":"product_brand","embeddable":true,"href":"https:\/\/semearvalores.pt\/index.php\/wp-json\/wp\/v2\/product_brand?post=1832"},{"taxonomy":"product_cat","embeddable":true,"href":"https:\/\/semearvalores.pt\/index.php\/wp-json\/wp\/v2\/product_cat?post=1832"},{"taxonomy":"product_tag","embeddable":true,"href":"https:\/\/semearvalores.pt\/index.php\/wp-json\/wp\/v2\/product_tag?post=1832"}],"curies":[{"name":"wp","href":"https:\/\/api.w.org\/{rel}","templated":true}]}}