{"id":4973,"date":"2022-10-12T11:03:28","date_gmt":"2022-10-12T11:03:28","guid":{"rendered":"https:\/\/semearvalores.pt\/?post_type=product&#038;p=4973"},"modified":"2023-11-29T14:42:57","modified_gmt":"2023-11-29T14:42:57","slug":"pack-na-onda-da-aprendizagem","status":"publish","type":"product","link":"https:\/\/semearvalores.pt\/index.php\/product\/pack-na-onda-da-aprendizagem\/","title":{"rendered":"Pack &#8220;Na Onda da Aprendizagem&#8221;"},"content":{"rendered":"<p>Desperte a paix\u00e3o pela aprendizagem com este <em>pack<\/em>, um conjunto de recursos digitais empolgantes que ir\u00e3o transformar a atitude das crian\u00e7as face ao processo de aprender!<\/p>\n<p>Criados a pensar nas crian\u00e7as entre os 6 e os 11 anos, estes recursos s\u00e3o baseados na investiga\u00e7\u00e3o cient\u00edfica de Carol Dweck sobre o poder do <em>Mindset de Crescimento<\/em> na aprendizagem desde tenra idade.<\/p>\n<p>Ao utilizar o <em>pack<\/em> Na Onda d&#8217;Aprendizagem, poder\u00e1 desfrutar de uma variedade de benef\u00edcios incr\u00edveis:<\/p>\n<ol>\n<li><strong>Promo\u00e7\u00e3o de uma mentalidade de possibilidades<\/strong>: os recursos deste <em>pack<\/em> foram projetados para encorajar nas crian\u00e7as uma atitude mental de descoberta face \u00e0 aprendizagem, atrav\u00e9s da compreens\u00e3o de que as nossas habilidades e intelig\u00eancia podem ser continuamente desenvolvidas ao longo da vida.<\/li>\n<li><strong>Fomento da confian\u00e7a, abertura e persist\u00eancia<\/strong>: o <em>pack<\/em> ajuda as crian\u00e7as a desenvolverem uma postura de confian\u00e7a, abertura e persist\u00eancia em rela\u00e7\u00e3o \u00e0 aprendizagem, na medida em que as ajuda a compreender como \u00e9 importante disporem-se a experimentar novos desafios, a aprender com os erros, a encontrar novas estrat\u00e9gias e a persistir diante das dificuldades.<\/li>\n<li><strong>Import\u00e2ncia de procurar ajuda<\/strong>: com os recursos do <em>pack<\/em>, as crian\u00e7as s\u00e3o incentivadas a pedir ajuda quando necess\u00e1rio, o que promove a habilidade de reconhecer que pedir apoio \u00e9 uma parte natural do processo de aprendizagem.<\/li>\n<li><strong>Reflex\u00e3o sobre pensamentos limitadores e potenciadores<\/strong>: os jogos estimulam o pensamento cr\u00edtico das crian\u00e7as, permitindo que elas reflitam sobre as suas pr\u00f3prias cren\u00e7as e pensamentos e adotem novas formas de pensar mais potenciadoras e criativas na resolu\u00e7\u00e3o de problemas.<\/li>\n<li><strong>Facilidade de uso e flexibilidade<\/strong>: o <em>pack<\/em> \u00e9 totalmente digital e pode ser facilmente descarregado e impresso, oferecendo flexibilidade para utiliz\u00e1-lo de acordo com as necessidades individuais das crian\u00e7as, em diferentes momentos e contextos educacionais.<\/li>\n<\/ol>\n<p>&nbsp;<\/p>\n<p>O pack\u00a0inclui tr\u00eas recursos envolventes:<\/p>\n<ol>\n<li>De Vento em Popa<\/li>\n<li>Soltar Amarras<\/li>\n<li>Rota da Aprendizagem<\/li>\n<\/ol>\n<p>&nbsp;<\/p>\n<p>Todos os recursos foram criados com base nos conceitos cient\u00edficos trazidos pela investiga\u00e7\u00e3o, e na nossa experi\u00eancia em escolas, e ilustrados pela Rita Correia, com base no imagin\u00e1rio da aventura e das descobertas mar\u00edtimas.<\/p>\n<p>Descrevemos abaixo cada um deles:<\/p>\n<h2 style=\"text-align: center;\">De Vento em Popa<\/h2>\n<p><img fetchpriority=\"high\" decoding=\"async\" class=\"wp-image-4976 aligncenter\" src=\"https:\/\/semearvalores.pt\/wp-content\/uploads\/2022\/10\/WhatsApp-Image-2022-04-01-at-13.41.05.jpeg\" alt=\"\" width=\"544\" height=\"364\" \/><\/p>\n<p>&nbsp;<\/p>\n<p>O recurso <strong><strong>&#8220;De Vento em Popa\u201d <\/strong><\/strong>pode ser utilizado de duas formas: a primeira \u00e9 atrav\u00e9s da adapta\u00e7\u00e3o do popular jogo da mem\u00f3ria, mas com um conte\u00fado espec\u00edfico relacionado com o<em> Mindset de Crescimento; <\/em>a segunda \u00e9 atrav\u00e9s de <em>posters<\/em> que servem de est\u00edmulo e refor\u00e7o visual para uma atitude mental de crescimento face \u00e0 aprendizagem. \u00c9, assim, constitu\u00eddo por:<\/p>\n<ul>\n<li>24 cartas, para jogar ao jogo da mem\u00f3ria: 12 com frases t\u00edpicas de um <em>mindset fixo<\/em> (eg.: &#8220;<em>N\u00e3o sou bom nisto<\/em>&#8220;) e 12 com frases t\u00edpicas de um <em>mindset de crescimento<\/em> (eg.: &#8220;<em>Eu dou o meu melhor<\/em>&#8220;) e<\/li>\n<li>18 posters, com frases t\u00edpicas de um <em>mindset de crescimento<\/em> (eg.: &#8220;<em>Umas vezes acerto, outras vezes aprendo!<\/em>&#8220;)<\/li>\n<\/ul>\n<p>&nbsp;<\/p>\n<p>Pode encontrar as instru\u00e7\u00f5es de utiliza\u00e7\u00e3o de ambos os produtos, bem como sugest\u00f5es de uso e de reflex\u00e3o sobre o jogo.<\/p>\n<p>&nbsp;<\/p>\n<h2 style=\"text-align: center;\">Soltar Amarras<\/h2>\n<p><img decoding=\"async\" class=\"wp-image-4977 aligncenter\" src=\"https:\/\/semearvalores.pt\/wp-content\/uploads\/2022\/10\/20210904_183313-2.jpg\" alt=\"\" width=\"658\" height=\"332\" \/><\/p>\n<p>O jogo <strong>\u201cSoltar Amarras\u201d<\/strong> \u00e9 constitu\u00eddo por 24 pensamentos sobre a forma como encaramos a aprendizagem:<\/p>\n<ul>\n<li>12 pensamentos-\u00e2ncora, que refletem uma atitude mental fixa (eg.: <em>&#8220;Isto \u00e9 muito dif\u00edcil&#8221;<\/em>) e<\/li>\n<li>12 pensamentos-b\u00fassola, que refletem uma atitude de possibilidades (eg.: <em>&#8220;Vou precisar de tempo e treino para aprender&#8221;<\/em>).<\/li>\n<\/ul>\n<p>&nbsp;<\/p>\n<p>Para cada pensamento-\u00e2ncora existe um pensamento-b\u00fassola que o contrap\u00f5e. O desafio \u00e9 descobrir qual \u00e9 o pensamento potenciador e alternativo a cada pensamento limitador.<\/p>\n<p>As instru\u00e7\u00f5es de utiliza\u00e7\u00e3o est\u00e3o dispon\u00edveis no pr\u00f3prio produto.<\/p>\n<p>&nbsp;<\/p>\n<p><img decoding=\"async\" class=\"wp-image-4978 aligncenter\" src=\"https:\/\/semearvalores.pt\/wp-content\/uploads\/2022\/10\/20210614_113707.jpg\" alt=\"\" width=\"740\" height=\"506\" \/><\/p>\n<h2 style=\"text-align: center;\">Rota da Aprendizagem<\/h2>\n<p>A <strong>&#8220;Rota da Aprendizagem&#8221;<\/strong> \u00e9 um mapa com 26 frases poderosas, uma por cada letra do alfabeto, que visam cultivar pensamentos poderosos face \u00e0 aprendizagem!<\/p>\n<p>Baseado no imagin\u00e1rio da aventura, este mapa &#8211; como qualquer mapa do tesouro que se preze &#8211; est\u00e1 dividido em 4 partes, para que as crian\u00e7as as possam juntar e descobrir as afirma\u00e7\u00f5es que as levam ao verdadeiro tesouro: aprendizagem e crescimento! Tamb\u00e9m est\u00e1 dispon\u00edvel o mapa completo, numa folha apenas.<\/p>\n<p>Pode ser impresso em formato A3 ou A4 e colocado na sua sala de aula ou no quarto das crian\u00e7as.<\/p>\n<p>Ideal para ativar a imagina\u00e7\u00e3o, pensamentos de crescimento e facilitar a aprendizagem do alfabeto!<\/p>\n<p>&nbsp;<\/p>\n<p><strong>Sobre o conceito do <em>Growth Mindset<\/em>:<\/strong><\/p>\n<p>Segundo Carol Dweck, podemos ter, genericamente, dois tipos de <em>Mindset<\/em>: crescimento ou fixo.<\/p>\n<p>Quando temos um<em> mindset fixo<\/em> acreditamos que o nosso potencial \u00e9 determinado \u00e0 partida e que temos pouco espa\u00e7o para desenvolver novas aptid\u00f5es. Ao inv\u00e9s, quando cultivamos um <em>mindset de crescimento<\/em>, acreditamos que o nosso potencial s\u00f3 \u00e9 revelado \u00e0 medida que nos propomos investir numa determinada aprendizagem.<\/p>\n<p>Este conceito tem uma influ\u00eancia tremenda no sucesso da aprendizagem e no desenvolvimento dos mais novos. Quantas crian\u00e7as e jovens (e mesmo adultos) acreditam n\u00e3o serem capazes de aprender algo ou desistem facilmente? Estas cren\u00e7as limitam o seu potencial e, em \u00faltima inst\u00e2ncia, as suas oportunidades ao longo da vida!<\/p>\n<p>Clique, em cima, no bot\u00e3o laranja e adquira agora mesmo o <em>Pack<\/em> &#8220;Na Onda d&#8217;Aprendizagem&#8221; e proporcione aos seus filhos ou alunos uma mentalidade de crescimento que ir\u00e1 expandir os seus horizontes!<\/p>\n","protected":false},"excerpt":{"rendered":"<p>Descubra o incr\u00edvel <em>Pack<\/em> &#8220;Na Onda d&#8217;Aprendizagem&#8221;, um conjunto envolvente de 3 recursos l\u00fadico-pedag\u00f3gicos digitais que estimulam nas crian\u00e7as uma atitude de confian\u00e7a, abertura e persist\u00eancia face \u00e0 aprendizagem!<\/p>\n<p>Este <em>pack<\/em> \u00e9 um aliado perfeito para pais e profissionais de educa\u00e7\u00e3o que desejam promover uma mentalidade de sucesso na aprendizagem e fomentar a persist\u00eancia e o foco, a busca por novas estrat\u00e9gias e a capacidade de lidar com os erros.<\/p>\n<p>Criado a pensar nas crian\u00e7as entre os 6 e os 11 anos, \u00e9 uma ferramenta valiosa para desenvolver uma atitude mental de crescimento.<\/p>\n<p>Prepare-se para inspirar as crian\u00e7as a aventurarem-se na jornada da aprendizagem com entusiasmo e determina\u00e7\u00e3o!<\/p>\n<p>Saiba mais, em baixo, sobre cada recurso e os seus benef\u00edcios.<\/p>\n<p>Carregue agora no bot\u00e3o laranja e adicione este recurso ao carrinho. Ap\u00f3s o pagamento, receber\u00e1 um link para descarreg\u00e1-lo facilmente.<\/p>\n","protected":false},"featured_media":4979,"comment_status":"open","ping_status":"closed","template":"","meta":[],"product_brand":[],"product_cat":[21,191,190,214],"product_tag":[78,75,45,253,49,120,86,316,52,85,121,185,221,51,60,58,254,256,257,258,24,46,255],"class_list":{"0":"post-4973","1":"product","2":"type-product","3":"status-publish","4":"has-post-thumbnail","6":"product_cat-recursos-pedagogicos","7":"product_cat-formacao-para-escolas","8":"product_cat-recursos-familias","9":"product_cat-recursos-ludico-pedagogicos","10":"product_tag-aprender","11":"product_tag-aprendizagem","12":"product_tag-atitude-mental-de-crescimento","13":"product_tag-cerebro","14":"product_tag-criancas","15":"product_tag-de-vento-em-popa","16":"product_tag-desenvolvimento-do-carater","17":"product_tag-desenvolvimento-socio-emocional","18":"product_tag-educadores","19":"product_tag-familias","20":"product_tag-growth-mindset","21":"product_tag-maes","22":"product_tag-mindset-de-crescimento","23":"product_tag-pais","24":"product_tag-professores","25":"product_tag-psicologos","26":"product_tag-recursos","27":"product_tag-recursos-digitais","28":"product_tag-recursos-em-portugues","29":"product_tag-recursos-para-a-aprendizagem","30":"product_tag-recursos-pedagogicos","31":"product_tag-rota-da-aprendizagem","32":"product_tag-soltar-amarras","34":"first","35":"instock","36":"downloadable","37":"virtual","38":"purchasable","39":"product-type-simple"},"jetpack_sharing_enabled":true,"_links":{"self":[{"href":"https:\/\/semearvalores.pt\/index.php\/wp-json\/wp\/v2\/product\/4973"}],"collection":[{"href":"https:\/\/semearvalores.pt\/index.php\/wp-json\/wp\/v2\/product"}],"about":[{"href":"https:\/\/semearvalores.pt\/index.php\/wp-json\/wp\/v2\/types\/product"}],"replies":[{"embeddable":true,"href":"https:\/\/semearvalores.pt\/index.php\/wp-json\/wp\/v2\/comments?post=4973"}],"wp:featuredmedia":[{"embeddable":true,"href":"https:\/\/semearvalores.pt\/index.php\/wp-json\/wp\/v2\/media\/4979"}],"wp:attachment":[{"href":"https:\/\/semearvalores.pt\/index.php\/wp-json\/wp\/v2\/media?parent=4973"}],"wp:term":[{"taxonomy":"product_brand","embeddable":true,"href":"https:\/\/semearvalores.pt\/index.php\/wp-json\/wp\/v2\/product_brand?post=4973"},{"taxonomy":"product_cat","embeddable":true,"href":"https:\/\/semearvalores.pt\/index.php\/wp-json\/wp\/v2\/product_cat?post=4973"},{"taxonomy":"product_tag","embeddable":true,"href":"https:\/\/semearvalores.pt\/index.php\/wp-json\/wp\/v2\/product_tag?post=4973"}],"curies":[{"name":"wp","href":"https:\/\/api.w.org\/{rel}","templated":true}]}}