{"id":73,"date":"2021-03-03T17:34:43","date_gmt":"2021-03-03T17:34:43","guid":{"rendered":"https:\/\/semearvalores.k2ponto.com.br\/?post_type=product&#038;p=73"},"modified":"2023-09-20T16:55:40","modified_gmt":"2023-09-20T16:55:40","slug":"medalhas-crescer-em-forcas-pt","status":"publish","type":"product","link":"https:\/\/semearvalores.pt\/index.php\/product\/medalhas-crescer-em-forcas-pt\/","title":{"rendered":"Medalhas &#8220;Crescer em For\u00e7a(s)&#8221;"},"content":{"rendered":"<p><iframe title=\"YouTube video player\" src=\"https:\/\/www.youtube.com\/embed\/4ePSoD4IAiw\" width=\"560\" height=\"560\" frameborder=\"0\" allowfullscreen=\"allowfullscreen\"><\/iframe><\/p>\n<p>Tal como o Jogo &#8220;Crescer em For\u00e7a(s)&#8221;, as Medalhas s\u00e3o tamb\u00e9m inspiradas no Modelo das Virtudes e For\u00e7as de Car\u00e1ter (Peterson e Seligman, 2004).<\/p>\n<p>Cada medalha retrata uma das 24 for\u00e7as de car\u00e1ter, como bondade, trabalho em equipa e criatividade, entre tantas outras.<\/p>\n<p>Destinadas a crian\u00e7as entre os 5 e os 11 anos, estas medalhas digitais t\u00eam como principal objetivo reconhecer e celebrar o uso das for\u00e7as no dia a dia das crian\u00e7as, seja na escola, em casa ou noutros ambientes.<\/p>\n<p>Ao reconhecer e premiar o uso positivo de uma for\u00e7a, estar\u00e1 a incentivar a crian\u00e7a a continuar a us\u00e1-la no futuro e noutros\u00a0 contextos.<\/p>\n<p>Ao utilizar as Medalhas &#8220;Crescer em For\u00e7a(s)&#8221;, crian\u00e7as, pais e profissionais de educa\u00e7\u00e3o podem desfrutar de uma s\u00e9rie de benef\u00edcios not\u00e1veis:<\/p>\n<ol>\n<li><strong>Reconhecimento e valoriza\u00e7\u00e3o<\/strong>: as medalhas proporcionam uma maneira tang\u00edvel de reconhecer e valorizar as conquistas das crian\u00e7as, destacando o uso positivo das suas for\u00e7as de car\u00e1ter, o que fortalece a auto-estima e promove uma auto-imagem positiva.<\/li>\n<li><strong>Est\u00edmulo ao desenvolvimento das for\u00e7as de car\u00e1ter<\/strong>: ao premiar o uso das for\u00e7as, as medalhas incentivam as crian\u00e7as a continuarem a desenvolver e a aplicar as suas qualidades no dia-a-dia.<\/li>\n<li><strong>Refor\u00e7o de comportamentos desej\u00e1veis<\/strong>: as medalhas atuam como um refor\u00e7o positivo para comportamentos desej\u00e1veis, incentivando as crian\u00e7as a repetirem essas a\u00e7\u00f5es no futuro, o que ajuda a estabelecer padr\u00f5es de comportamento saud\u00e1veis e positivos.<\/li>\n<li><strong>Est\u00edmulo ao reconhecimento m\u00fatuo<\/strong>: as crian\u00e7as tamb\u00e9m s\u00e3o encorajadas a identificar e reconhecer as for\u00e7as de car\u00e1ter dos seus pares e adultos com quem convivem, atribuindo-lhes medalhas. Esta din\u00e2mica promove a aprecia\u00e7\u00e3o das qualidades nos outros e fortalece os la\u00e7os sociais.<\/li>\n<li><strong>Integra\u00e7\u00e3o entre escola e fam\u00edlia<\/strong>: as medalhas podem servir como um canal de reconhecimento e comunica\u00e7\u00e3o entre a escola e a fam\u00edlia, permitindo que ambos compartilhem os esfor\u00e7os e conquistas da crian\u00e7a. Isso fortalece a parceria e o envolvimento dos pais na educa\u00e7\u00e3o dos filhos.<\/li>\n<li><strong>Est\u00edmulo \u00e0 motiva\u00e7\u00e3o intr\u00ednseca<\/strong>: ao receber uma medalha pelo uso das suas for\u00e7as, as crian\u00e7as experimentam uma sensa\u00e7\u00e3o de realiza\u00e7\u00e3o interna, refor\u00e7ando a sua motiva\u00e7\u00e3o intr\u00ednseca para continuar a desenvolver as suas habilidades e qualidades.<\/li>\n<li><strong>Fomento de um ambiente positivo e de bem-estar<\/strong>: ao utilizar as medalhas, pais e profissionais criam um ambiente que valoriza e celebra as for\u00e7as de car\u00e1ter das crian\u00e7as, promovendo o bem-estar emocional e o crescimento pessoal.<\/li>\n<\/ol>\n<p>&nbsp;<\/p>\n<p>Com este recurso envolvente, incentivar\u00e1 o florescimento das crian\u00e7as e apoi\u00e1-las-\u00e1 na\u00a0sua jornada de desenvolvimento emocional e pessoal.<\/p>\n<p>Ao adquirir as medalhas, receber\u00e1 um ficheiro em formato PDF que poder\u00e1 facilmente descarregar e imprimir as vezes que quiser, proporcionando flexibilidade e uso cont\u00ednuo. Recomendamos plastific\u00e1-las para maior durabilidade.<\/p>\n<p>Al\u00e9m das medalhas, tamb\u00e9m receber\u00e1 uma breve fundamenta\u00e7\u00e3o te\u00f3rica sobre as For\u00e7as de Car\u00e1ter e sugest\u00f5es de como usar este recurso de maneira eficaz.<\/p>\n<p>Quem gostaria de reconhecer pelo uso de uma for\u00e7a especial?<\/p>\n<p>Clique, em cima, no bot\u00e3o laranja e encomende agora mesmo as Medalhas &#8220;Crescer em For\u00e7a(s)&#8221; para criar momentos de reconhecimento e valoriza\u00e7\u00e3o que ficar\u00e3o na mem\u00f3ria das crian\u00e7as para sempre!<\/p>\n<p>&nbsp;<\/p>\n","protected":false},"excerpt":{"rendered":"<p>Descubra as incr\u00edveis Medalhas &#8220;Crescer em For\u00e7a(s)&#8221;, uma forma especial de reconhecimento para crian\u00e7as!<\/p>\n<p>Este conjunto de 24 medalhas, em formato digital, \u00e9 perfeito para os pais e profissionais de educa\u00e7\u00e3o que desejam incentivar e valorizar o uso positivo das for\u00e7as de car\u00e1ter pelas crian\u00e7as.<\/p>\n<p>Carregue no bot\u00e3o laranja e adicione as medalhas ao seu carrinho. Ap\u00f3s o pagamento, receber\u00e1 um link para as descarregar facilmente.<\/p>\n<p>Conhe\u00e7a, em baixo, os benef\u00edcios deste recurso t\u00e3o inovador e cativante!<\/p>\n<p>&nbsp;<\/p>\n","protected":false},"featured_media":2569,"comment_status":"open","ping_status":"closed","template":"","meta":[],"product_brand":[],"product_cat":[21,193,190,214],"product_tag":[322,49,86,73,316,53,321,326,324,325,256,24],"class_list":{"0":"post-73","1":"product","2":"type-product","3":"status-publish","4":"has-post-thumbnail","6":"product_cat-recursos-pedagogicos","7":"product_cat-dislexia","8":"product_cat-recursos-familias","9":"product_cat-recursos-ludico-pedagogicos","10":"product_tag-ambientes-cooperativos","11":"product_tag-criancas","12":"product_tag-desenvolvimento-do-carater","13":"product_tag-desenvolvimento-infantil","14":"product_tag-desenvolvimento-socio-emocional","15":"product_tag-forcas-de-carater","16":"product_tag-inclusao","17":"product_tag-parentalidade","18":"product_tag-parentalidade-consciente","19":"product_tag-parentalidade-positiva","20":"product_tag-recursos-digitais","21":"product_tag-recursos-pedagogicos","23":"first","24":"instock","25":"downloadable","26":"virtual","27":"purchasable","28":"product-type-simple"},"jetpack_sharing_enabled":true,"_links":{"self":[{"href":"https:\/\/semearvalores.pt\/index.php\/wp-json\/wp\/v2\/product\/73"}],"collection":[{"href":"https:\/\/semearvalores.pt\/index.php\/wp-json\/wp\/v2\/product"}],"about":[{"href":"https:\/\/semearvalores.pt\/index.php\/wp-json\/wp\/v2\/types\/product"}],"replies":[{"embeddable":true,"href":"https:\/\/semearvalores.pt\/index.php\/wp-json\/wp\/v2\/comments?post=73"}],"wp:featuredmedia":[{"embeddable":true,"href":"https:\/\/semearvalores.pt\/index.php\/wp-json\/wp\/v2\/media\/2569"}],"wp:attachment":[{"href":"https:\/\/semearvalores.pt\/index.php\/wp-json\/wp\/v2\/media?parent=73"}],"wp:term":[{"taxonomy":"product_brand","embeddable":true,"href":"https:\/\/semearvalores.pt\/index.php\/wp-json\/wp\/v2\/product_brand?post=73"},{"taxonomy":"product_cat","embeddable":true,"href":"https:\/\/semearvalores.pt\/index.php\/wp-json\/wp\/v2\/product_cat?post=73"},{"taxonomy":"product_tag","embeddable":true,"href":"https:\/\/semearvalores.pt\/index.php\/wp-json\/wp\/v2\/product_tag?post=73"}],"curies":[{"name":"wp","href":"https:\/\/api.w.org\/{rel}","templated":true}]}}